6118 is divided by 540?
538
What is the remainder when 471814841 is divided by 822?
815
Calculate the remainder when 649658 is divided by 25.
8
Calculate the remainder when 1687610 is divided by 140624.
122
What is the remainder when 686748 is divided by 18?
12
What is the remainder when 6954761 is divided by 1738686?
17
What is the remainder when 10957830 is divided by 1217534?
24
Calculate the remainder when 48693 is divided by 48316.
377
What is the remainder when 2756893 is divided by 5251?
118
Calculate the remainder when 21648853 is divided by 200451.
145
What is the remainder when 1699650 is divided by 46?
42
What is the remainder when 378356 is divided by 126110?
26
What is the remainder when 37611 is divided by 17747?
2117
Calculate the remainder when 268225 is divided by 11151.
601
Calculate the remainder when 951632 is divided by 387.
386
What is the remainder when 561452 is divided by 80207?
3
What is the remainder when 2794900 is divided by 931616?
52
What is the remainder when 12180 is divided by 82?
44
What is the remainder when 32010 is divided by 31576?
434
What is the remainder when 1365925 is divided by 2405?
2290
Calculate the remainder when 2779539 is divided by 213785.
334
What is the remainder when 2925558 is divided by 355?
3
Calculate the remainder when 368415 is divided by 1169.
180
Calculate the remainder when 604953 is divided by 701.
691
What is the remainder when 4289162 is divided by 714832?
170
What is the remainder when 8267125 is divided by 20?
5
Calculate the remainder when 16228 is divided by 8018.
192
Calculate the remainder when 12521 is divided by 12074.
447
What is the remainder when 1585233 is divided by 396306?
9
Calculate the remainder when 19998270 is divided by 452.
434
Calculate the remainder when 261614 is divided by 1342.
1266
Calculate the remainder when 151666 is divided by 1410.
796
Calculate the remainder when 1400368373 is divided by 18.
17
Calculate the remainder when 29686638 is divided by 1481.
1474
What is the remainder when 2101717 is divided by 243?
10
Calculate the remainder when 1114859 is divided by 990.
119
What is the remainder when 6856256 is divided by 413?
43
Calculate the remainder when 278601 is divided by 139176.
249
What is the remainder when 68149367 is divided by 535?
532
What is the remainder when 378529 is divided by 1247?
688
Calculate the remainder when 718954 is divided by 276.
250
Calculate the remainder when 1849960 is divided by 756.
28
What is the remainder when 37164 is divided by 531?
525
What is the remainder when 134658749 is divided by 7450?
7449
What is the remainder when 10385 is divided by 6252?
4133
Calculate the remainder when 18753693 is divided by 4731.
9
Calculate the remainder when 1440405 is divided by 1440405.
0
What is the remainder when 137924 is divided by 137483?
441
What is the remainder when 162894 is divided by 32451?
639
Calculate the remainder when 890855 is divided by 890845.
10
What is the remainder when 6532 is divided by 2470?
1592
What is the remainder when 275397 is divided by 4514?
43
Calculate the remainder when 11659173 is divided by 11.
9
What is the remainder when 53589037 is divided by 1378?
1373
Calculate the remainder when 1534256 is divided by 3164.
2880
What is the remainder when 113536681 is divided by 117?
115
What is the remainder when 99211 is divided by 202?
29
What is the remainder when 191122 is divided by 583?
481
What is the remainder when 41175089 is divided by 19?
18
What is the remainder when 9604785 is divided by 56833?
8
Calculate the remainder when 4867274 is divided by 365.
364
What is the remainder when 15377 is divided by 856?
825
Calculate the remainder when 116766 is divided by 58361.
44
What is the remainder when 22356 is divided by 11172?
12
Calculate the remainder when 3345264 is divided by 434.
426
Calculate the remainder when 1452074 is divided by 242011.
8
Calculate the remainder when 6623347 is divided by 92.
83
Calculate the remainder when 25975833 is divided by 80172.
105
What is the remainder when 910802 is divided by 2559?
2357
Calculate the remainder when 421559 is divided by 17550.
359
Calculate the remainder when 4715830 is divided by 1802.
1798
Calculate the remainder when 40098355 is divided by 6683058.
7
Calculate the remainder when 14324425 is divided by 127.
95
Calculate the remainder when 73537450 is divided by 1861.
35
What is the remainder when 1915694 is divided by 54734?
4
Calculate the remainder when 279227 is divided by 93016.
179
What is the remainder when 1318317 is divided by 5660?
5197
Calculate the remainder when 157277 is divided by 26210.
17
What is the remainder when 106898103 is divided by 3?
0
What is the remainder when 103081 is divided by 62?
37
Calculate the remainder when 8645 is divided by 501.
128
Calculate the remainder when 28461 is divided by 7052.
253
What is the remainder when 168619946 is divided by 103?
88
What is the remainder when 661965 is divided by 94545?
150
Calculate the remainder when 7669851 is divided by 365229.
42
Calculate the remainder when 29893587 is divided by 90.
87
What is the remainder when 5624474 is divided by 234352?
26
Calculate the remainder when 340244 is divided by 917.
37
What is the remainder when 692268 is divided by 173024?
172
Calculate the remainder when 1111493 is divided by 6462.
29
What is the remainder when 231564552 is divided by 44?
32
Calculate the remainder when 483725 is divided by 6301.
4849
Calculate the remainder when 104860 is divided by 1142.
938
What is the remainder when 13811846 is divided by 25?
21
What is the remainder when 5395436 is divided by 5916?
44
Calculate the remainder when 2046813 is divided by 127917.
141
What is the remainder when 410705 is divided by 136892?
29
What is the remainder when 572891 is divided by 5112?
347
Calculate the remainder when 339215 is divided by 424.
15
What is the remainder when 1510090 is divided by 58?
2
Calculate the remainder when 3291832 is divided by 72.
64
Calculate the remainder when 2720424 is divided by 401.
40
Calculate the remainder when 48921996 is divided by 196.
4
Calculate the remainder when 1268848 is divided by 3365.
243
What is the remainder when 702397 is divided by 109?
1
Calculate the remainder when 60027 is divided by 333.
87
Calculate the remainder when 60618 is divided by 346.
68
What is the remainder when 666278 is divided by 1816?
1622
What is the remainder when 6715 is divided by 1110?
55
Calculate the remainder when 2042521 is divided by 14.
5
Calculate the remainder when 69937 is divided by 21.
7
What is the remainder when 1635668 is divided by 81783?
8
What is the remainder when 2437484 is divided by 1112?
1092
Calculate the remainder when 2816767 is divided by 187773.
172
Calculate the remainder when 6253182 is divided by 344.
294
What is the remainder when 14921886 is divided by 373?
21
Calculate the remainder when 5236077 is divided by 5235977.
100
Calculate the remainder when 14293615 is divided by 2041944.
7
Calculate the remainder when 49757 is divided by 6216.
29
Calculate the remainder when 730213 is divided by 243388.
49
Calculate the remainder when 229093 is divided by 173.
41
Calculate the remainder when 154063 is divided by 604.
43
What is the remainder when 6461997 is divided by 75?
72
Calculate the remainder when 50670 is divided by 50599.
71
Calculate the remainder when 686408489 is divided by 308.
305
What is the remainder when 56294 is divided by 633?
590
Calculate the remainder when 75130290 is divided by 18.
0
What is the remainder when 70288589 is divided by 3361?
3357
What is the remainder when 17563 is divided by 452?
387
What is the remainder when 10302186 is divided by 311?
0
What is the remainder when 47173981 is divided by 403?
10
What is the remainder when 705033 is divided by 78318?
171
What is the remainder when 50575567 is divided by 25287780?
7
What is the remainder when 2838413 is divided by 2?
1
What is the remainder when 35931 is divided by 2121?
1995
Calculate the remainder when 12526369 is divided by 1287.
1285
Calculate the remainder when 1192027 is divided by 238396.
47
What is the remainder when 14282904 is divided by 655?
629
Calculate the remainder when 132380615 is divided by 474.
473
What is 